4 a multiple of 239?
True
Does 433 divide 134299280?
True
Is 6 a factor of 2308167?
False
Is 324786672 a multiple of 189?
True
Is 12 a factor of 126585672?
True
Is 123 a factor of 37962525?
False
Is 29624207 a multiple of 3?
False
Is 9198 a factor of 1367941425?
False
Is 73 a factor of 3491769580?
True
Is 5021715 a multiple of 10?
False
Is 19 a factor of 744475347?
True
Does 131 divide 16326006?
True
Is 18 a factor of 927499860?
True
Is 39851727 a multiple of 712?
False
Is 564 a factor of 469431300?
True
Is 116 a factor of 16221556?
True
Is 22 a factor of 100232580?
False
Is 345 a factor of 144221094?
False
Is 38 a factor of 980521859?
False
Is 428580523 a multiple of 19?
False
Does 40 divide 30380886?
False
Is 1100 a factor of 1663845700?
True
Does 589 divide 369480289?
True
Is 36880888 a multiple of 3916?
True
Is 29251506 a multiple of 65?
False
Is 12 a factor of 34135476?
True
Is 104973933 a multiple of 226?
False
Is 783677530 a multiple of 235?
True
Is 1609 a factor of 141156674?
False
Does 159 divide 1297818897?
True
Does 963 divide 327577569?
False
Is 4266543944 a multiple of 52?
True
Does 186 divide 5776329?
False
Is 3827484 a multiple of 18?
True
Does 76 divide 24910368?
True
Is 358002554 a multiple of 13?
True
Is 6 a factor of 125449214?
False
Is 57 a factor of 10666239?
True
Is 4398 a factor of 40527570?
True
Is 1826125380 a multiple of 6477?
True
Is 83 a factor of 88722767?
True
Does 142 divide 48535316?
True
Is 4252722 a multiple of 127?
True
Is 965 a factor of 33274165?
True
Is 116 a factor of 529888103?
False
Is 65093145 a multiple of 285?
True
Does 631 divide 114149379?
False
Does 257 divide 32684489?
True
Does 146 divide 3760549169?
False
Is 59290030 a multiple of 10?
True
Is 5220033 a multiple of 20?
False
Does 1249 divide 474268266?
False
Does 819 divide 664494800?
False
Does 176 divide 244752816?
True
Does 28 divide 279415080?
True
Does 384 divide 603083076?
False
Does 27 divide 198171549?
True
Is 120 a factor of 48180021?
False
Does 81 divide 52558065?
True
Is 49650855 a multiple of 653?
True
Is 20 a factor of 117488300?
True
Does 61 divide 25199314?
False
Does 4 divide 861756904?
True
Does 19 divide 621186863?
False
Does 234 divide 29299234?
False
Is 426989264 a multiple of 13?
True
Does 620 divide 73053325?
False
Is 1106 a factor of 1459496402?
True
Is 4 a factor of 63996680?
True
Is 898555614 a multiple of 33?
True
Does 135 divide 555120?
True
Is 21115995 a multiple of 877?
False
Is 221896994 a multiple of 11?
True
Does 18 divide 110916542?
False
Does 6 divide 2146417?
False
Is 1372 a factor of 12535261?
False
Does 200 divide 616170200?
True
Is 10 a factor of 113984780?
True
Does 1045 divide 180784321?
False
Does 3551 divide 104045056?
False
Does 2 divide 53817296?
True
Is 2633 a factor of 111465630?
False
Is 17 a factor of 60290959?
True
Is 23149024 a multiple of 32?
True
Is 620709579 a multiple of 127?
True
Is 810014652 a multiple of 211?
True
Is 475 a factor of 15810675?
False
Is 15 a factor of 21821781?
False
Is 673 a factor of 30553826?
False
Is 27 a factor of 47790734?
False
Does 13 divide 303942080?
True
Is 957542720 a multiple of 64?
True
Does 3 divide 167810536?
False
Does 35 divide 1319216955?
True
Is 116 a factor of 96212140?
True
Does 432 divide 1444098786?
False
Is 8515953 a multiple of 456?
False
Is 851 a factor of 1300444587?
True
Is 718 a factor of 21728880?
False
Is 325 a factor of 7148375?
True
Does 5793 divide 1553969895?
False
Is 41795220 a multiple of 45?
False
Is 28 a factor of 9757972?
True
Is 86 a factor of 31780268?
True
Does 228 divide 454100523?
False
Does 1065 divide 36937395?
True
Is 506910968 a multiple of 5?
False
Is 95890150 a multiple of 10?
True
Does 46 divide 7521903?
False
Does 1895 divide 7089503?
False
Is 799368059 a multiple of 29?
False
Is 9893133 a multiple of 26?
False
Does 57 divide 70262486?
False
Is 1065305258 a multiple of 12?
False
Is 348 a factor of 189645732?
True
Is 1406747106 a multiple of 262?
False
Is 3363872944 a multiple of 3369?
False
Does 390 divide 47591850?
False
Does 3205 divide 58198210?
False
Is 12880100 a multiple of 756?
False
Is 511137393 a multiple of 8879?
True
Is 24 a factor of 1474330703?
False
Is 31 a factor of 55197174?
True
Is 3 a factor of 23711390?
False
Is 32902697 a multiple of 20?
False
Is 492 a factor of 140393676?
True
Does 366 divide 258516048?
True
Does 17 divide 28970614?
False
Is 8 a factor of 491042597?
False
Is 118715408 a multiple of 994?
True
Does 1042 divide 8938276?
True
Is 1012195626 a multiple of 618?
True
Is 7249471 a multiple of 377?
False
Is 869717278 a multiple of 120?
False
Does 75 divide 172464947?
False
Is 89 a factor of 20493382?
False
Is 28091340 a multiple of 60?
True
Is 326165939 a multiple of 11?
True
Is 250519038 a multiple of 573?
True
Does 172 divide 291942774?
False
Does 579 divide 16949610?
False
Does 86 divide 21804454?
False
Does 87 divide 2593644?
True
Is 2996775376 a multiple of 192?
False
Does 6 divide 217654042?
False
Does 202 divide 7185140?
True
Is 62531025 a multiple of 8?
False
Is 74 a factor of 2157005354?
True
Does 14 divide 191308488?
True
Does 176 divide 100511664?
True
Does 5 divide 178780314?
False
Does 141 divide 456956576?
False
Is 3656386677 a multiple of 933?
False
Is 47 a factor of 83661833?
True
Is 8 a factor of 21508746?
False
Is 4 a factor of 17180904?
True
Does 30 divide 473770386?
False
Is 424 a factor of 79370957?
False
Is 11 a factor of 2016230810?
True
Does 801 divide 149959215?
True
Is 52 a factor of 1233002856?
False
Does 638 divide 166064032?
False
Is 4 a factor of 1124323486?
False
Does 103 divide 105235508?
False
Does 720 divide 202070880?
True
Does 744 divide 158392392?
True
Is 12 a factor of 80472041?
False
Is 10 a factor of 10899980?
True
Is 3553740 a multiple of 90?
True
Does 11 divide 20123026?
True
Does 186 divide 136260996?
True
Does 546 divide 31879848?
True
Does 14 divide 16475676?
True
Does 3817 divide 93253127?
True
Does 162 divide 21582612?
True
Does 115 divide 15634480?
True
Is 2 a factor of 18566546?
True
Is 372600949 a multiple of 56?
False
Is 599550921 a multiple of 6?
False
Is 155 a factor of 381870673?
False
Does 1157 divide 28546661?
True
Does 5 divide 675392?
False
Is 3 a factor of 361745?
False
Does 756 divide 61541424?
True
Is 11690913 a multiple of 194?
False
Does 3 divide 418259667?
True
Is 146726956 a multiple of 42?
False
Does 163 divide 40215417?
False
Is 1838 a factor of 551962476?
False
Is 529 a factor of 1263372129?
False
Is 88 a factor of 1950893912?
True
Is 50529511 a multiple of 81?
False
Is 3 a factor of 387236245?
False
Is 67866376 a multiple of 290?
False
Does 8 divide 3131059560?
True
Is 51 a factor of 383022374?
False
Does 328 divide 124884360?
True
Is 677 a factor of 1226890542?
True
Is 306135861 a multiple of 202?
False
Is 18 a factor of 298337177?
False
Does 872 divide 4776114040?
True
Is 1164 a factor of 512877907?
False
Is 24065975 a multiple of 25?
True
Does 5 divide 458462?
False
Does 379 divide 93171269?
False
Does 1402 divide 10079241?
False
Does 657 divide 339343128?
True
Is 3797836 a multiple of 3?
False
Is 1174 a factor of 53528530?
True
Is 3 a factor of 3997304?
False
Does 46 divide 41104910?
True
Is 196452927 a multiple of 8?
False
Does 220 divide 45130329?
False
Is 513980215 a multiple of 289?
False
Is 65027042 a multiple of 565?
False
Does 95 divide 18372525?
True
Is 36438542 a multiple of 7?
True
Does 234 divide 172282486?
False
Is 2 a factor of 3858?
True
Does 9 divide 185643441?
True
Is 82 a factor of 13823526?
False
Is 865588615 a multiple of 4497?
False
Is 7906985 a multiple of 47?
False
Is 12 a factor of 305937962?
False
Is 42112008 a multiple of 72?
True
Is 165 a factor of 785638095?
True
Is 46 a factor of 123290131?
False
Is 37370274 a multiple of 467?
True
Is 158 a factor of 6197866?
True
Is 6539 a factor of 1289405793?
True
Is 131720208 a multiple of 19?
False
Is 65 a factor of 37074957?
False
Is 321745909 a multiple of 3?
False
Is 3685907952 a multiple of 126?
False
Does 9 divide 1300548465?
True
Is 3456181856 a multiple of 84?
False
Is 447 a factor of 57065361?
True
Is 5855 a factor of 967751962?
False
Does 251 divide 143601259?
False
Is 8 a factor of 33991806?
False
Does 2558 divide 1431451684?
True
Is 36 a fac